ase 15) in base 11?
-3a0346a
What is 3133242432 (base 5) in base 7?
106410061
What is -100ab4 (base 12) in base 8?
-751050
Convert 43025 (base 9) to base 13.
cc4a
-342aa9 (base 15) to base 3
-11200111100020
What is 1020021210020 (base 3) in base 14?
130ad1
What is 2003023131 (base 4) in base 16?
832dd
106568 (base 11) to base 14
45bc8
What is -2660777 (base 11) in base 15?
-60c670
What is -452411 (base 6) in base 12?
-1a107
What is -25d92 (base 14) in base 11?
-64053
What is -16652235 (base 7) in base 14?
-30ab1c
Convert 14ab (base 16) to base 6.
40255
-311143 (base 7) to base 11
-37005
10002002122 (base 3) to base 10
60578
Convert 2545253 (base 7) to base 6.
11031232
What is -121132320031 (base 4) in base 7?
-110531305
da5c71 (base 15) to base 12
35952ba
Convert 4bbaa (base 15) to base 3.
110022022121
1342451 (base 6) to base 12
37a27
Convert -59292 (base 12) to base 14.
-31850
What is -58070 (base 9) in base 11?
-27092
-1010001010100100 (base 2) to base 16
-a2a4
Convert -2200142333 (base 5) to base 3.
-22211110020011
What is 2231434 (base 5) in base 4?
21223003
What is -153638 (base 11) in base 9?
-403773
Convert -111011110101101001000 (base 2) to base 9.
-3617610
925a51 (base 12) to base 15
303ca1
-25b331 (base 12) to base 16
-97915
What is -1034623 (base 8) in base 12?
-114297
What is -522211 (base 8) in base 15?
-364b3
Convert -5a8a743 (base 11) to base 13.
-22717a6
Convert 53b3 (base 12) to base 6.
110343
Convert 21c98 (base 15) to base 13.
39bba
Convert -2330bb6 (base 12) to base 14.
-c87a0a
What is -214564 (base 11) in base 10?
-342742
What is 346350 (base 8) in base 6?
2310132
Convert -12113102 (base 6) to base 4.
-1131200132
What is 111010102012 (base 4) in base 13?
11b48ba
What is 402414012 (base 5) in base 12?
656246
What is -153d6 (base 15) in base 12?
-336a0
-105071 (base 10) to base 9
-170115
Convert 20501126 (base 7) to base 2.
110100110101111001101
What is 74c3a1 (base 15) in base 13?
11c8621
What is -127452 (base 9) in base 6?
-1355245
Convert 34330410 (base 5) to base 10.
308230
-5159 (base 13) to base 3
-120101212
Convert 9226a (base 11) to base 15.
29dd4
289154 (base 12) to base 6
22320544
What is -56654 (base 9) in base 3?
-1220201211
What is -970430 (base 10) in base 14?
-1b3926
Convert -160816 (base 10) to base 13.
-58276
Convert 10000001110011110111100 (base 2) to base 14.
7ca228
Convert 30cd83 (base 14) to base 10.
1649063
Convert -4251c (base 16) to base 7.
-2210652
776acc (base 14) to base 3
21121212200121
Convert -1001100100111011101 (base 2) to base 13.
-acac1
10100000101000111101111 (base 2) to base 10
5263855
Convert -110000000011010000000 (base 2) to base 3.
-2221222211212
Convert -1322100020 (base 4) to base 13.
-146bca
Convert -452288 (base 9) to base 5.
-32130301
What is 206176 (base 10) in base 3?
101110211011
What is 115551512 (base 6) in base 7?
25012343
5575a17 (base 12) to base 2
111110010010101001110011
-1124024 (base 6) to base 14
-17160
What is -12543505 (base 6) in base 11?
-266182
61500552 (base 7) to base 15
6b8db9
Convert 1348a6 (base 11) to base 6.
4310342
-73335 (base 16) to base 13
-136a10
Convert -225561 (base 12) to base 2.
-10000101111011011001
What is 1212210000201 (base 3) in base 8?
3640066
Convert -a5471 (base 12) to base 5.
-23413121
Convert -1417427 (base 11) to base 5.
-1111041421
Convert 246e17 (base 16) to base 6.
123101051
What is 1112330212 (base 4) in base 11?
223629
-1015428 (base 9) to base 4
-2010110231
2947a5 (base 12) to base 6
22501125
Convert -4078a (base 16) to base 5.
-31422244
-36503601 (base 7) to base 2
-1100011100010110111010
What is 65951aa (base 11) in base 6?
1052020010
Convert 12624464 (base 7) to base 2.
100011100101100010011
Convert -130053 (base 12) to base 3.
-120210202100
12541722 (base 9) to base 14
b680a4
Convert 1011100101011011 (base 2) to base 14.
13415
Convert 353421 (base 6) to base 10.
30613
-73b10d (base 15) to base 13
-11a9820
Convert 4220676 (base 10) to base 12.
14b6630
What is 494102 (base 10) in base 7?
4125350
-cb4acc (base 13) to base 5
-2210432313
What is -4eab (base 16) in base 3?
-1000121220
What is 132331123 (base 5) in base 10?
667663
Convert -2211012000221 (base 3) to base 16.
-16e1ba
Convert 4c2b (base 13) to base 3.
112212222
What is -a067a (base 11) in base 13?
-5201b
What is 111212100100 (base 3) in base 11?
17703a
-18469 (base 12) to base 8
-104621
What is -12132330 (base 4) in base 9?
-40376
Convert -202650 (base 9) to base 5.
-12320322
Convert 23317665 (base 8) to base 15.
6a748c
Convert -11014554 (base 6) to base 4.
-1100110012
Convert 15120532 (base 6) to base 12.
213148
Convert -305352033 (base 6) to base 2.
-10100001110100001110101
Convert 11b454 (base 13) to base 2.
1100111101100111110
What is -d34f6 (base 16) in base 2?
-11010011010011110110
Convert 756ab (base 14) to base 5.
33041314
75dc9a (base 15) to base 3
101120021222101
What is -13b239 (base 14) in base 8?
-2467263
Convert 235321 (base 8) to base 7.
453652
Convert -1151145 (base 6) to base 5.
-3424233
Convert 1ae416 (base 15) to base 6.
44054220
Convert 20252642 (base 7) to base 9.
3161305
What is 185a9bb (base 12) in base 11?
2972a90
What is -13355502 (base 8) in base 4?
-23131231002
-213322322 (base 4) to base 12
-7a762
Convert 240401204 (base 5) to base 13.
2c97bc
Convert -782c6a (base 13) to base 16.
-2b3e81
Convert -2a48 (base 11) to base 16.
-f54
-37981 (base 12) to base 2
-10010011110110001
-21443243 (base 5) to base 13
-67356
Convert 20020220110222 (base 3) to base 14.
62782a
Convert -101235252 (base 6) to base 2.
-110101010011111010000
-3031550 (base 7) to base 13
-c829a
What is -1596c6 (base 15) in base 3?
-1222001122220
What is -45015120 (base 7) in base 2?
-1110110100111000000100
56054040 (base 7) to base 11
2804136
-111111100001110111 (base 2) to base 7
-2132434
1011110010101100010100 (base 2) to base 13
843032
Convert 1927a (base 15) to base 12.
3b251
Convert -10203422120 (base 5) to base 15.
-de80aa
What is 1305020114 (base 6) in base 11?
8736594
Convert 10212300022 (base 4) to base 16.
126c0a
45776 (base 14) to base 16
2939c
What is 36604 (base 10) in base 3?
1212012201
Convert -15324 (base 6) to base 16.
-9c4
Convert 10a590 (base 11) to base 9.
286126
What is -110100001011000000 (base 2) in base 7?
-1550010
What is -354010 (base 7) in base 10?
-63805
-10014 (base 15) to base 14
-14656
What is -11111443 (base 5) in base 3?
-11222002022
Convert 10504a (base 12) to base 3.
111002021011
What is -24453 (base 11) in base 16?
-894c
What is -4057654 (base 9) in base 5?
-1023223312
What is 188bd5 (base 14) in base 4?
3110101013
Convert 10321221011 (base 4) to base 11.
7a8219
What is c082 (base 13) in base 7?
140113
-2232203032 (base 4) to base 9
-1308657
-1045b (base 14) to base 4
-21211301
-1152738 (base 9) to base 13
-18b843
b09b75 (base 13) to base 5
2022342301
Convert -240183 (base 9) to base 10.
-144498
-1cc6738 (base 14) to base 7
-233633101
What is 1110010111101000011 (base 2) in base 3?
212220212221
Convert -291820 (base 11) to base 16.
-6f600
-23522640 (base 7) to base 9
-3834686
Convert 10017333 (base 8) to base 14.
3cb20b
What is 10313331031 (base 4) in base 3?
2101220202221
What is -101483 (base 9) in base 3?
-10001112210
What is -13a1 (base 13) in base 6?
-21043
What is 1303300223 (base 4) in base 11?
2a4270
What is 122010002 (base 4) in base 13?
3978b
e811e (base 16) to base 4
3220010132
2131332200 (base 4) to base 15
cbad2
1bb39 (base 12) to base 8
120635
Convert -470b8 (base 13) to base 6.
-2440450
45a36a (base 11) to base 5
141344113
155555 (base 9) to base 13
348a1
29078 (base 15) to base 12
642a2
Convert -10221 (base 4) to base 10.
-297
What is -4794139 (base 10) in base 15?
-64a744
What is 1015625 (base 8) in base 3?
111200021120
Convert 10012124 (base 5) to base 13.
29c8c
10211010010200 (base 3) to base 9
3733120
-17523 (base 9) to base 14
-4598
Convert -62b523 (base 12) to base 11.
-971787
-78208 (base 9) to base 3
-2122020022
What is 1306142 (base 9) in base 8?
2560571
795b61 (base 12) to base 7
22323214
-257012 (base 9) to base 15
-31362
Convert 312123100 (base 4) to base 3.
102022210121
Convert 4103 (base 11) to base 12.
31a0
What is -758863 (base 9) in base 4?
-1232201031
429553 (base 10) to base 14
b2785
-136b5c (base 16) to b